{"id":6006,"date":"2014-01-29T00:43:08","date_gmt":"2014-01-28T23:43:08","guid":{"rendered":"http:\/\/www.robertosedda.it\/?page_id=6006"},"modified":"2014-01-29T00:45:42","modified_gmt":"2014-01-28T23:45:42","slug":"amy-sullivan","status":"publish","type":"page","link":"http:\/\/www.robertosedda.it\/?page_id=6006","title":{"rendered":"Amy Sullivan"},"content":{"rendered":"<p><a href=\"https:\/\/i0.wp.com\/www.robertosedda.it\/wp-content\/uploads\/2014\/01\/Amy-Sullivan.jpg\"><img data-attachment-id=\"6007\" data-permalink=\"http:\/\/www.robertosedda.it\/?attachment_id=6007\" data-orig-file=\"https:\/\/i0.wp.com\/www.robertosedda.it\/wp-content\/uploads\/2014\/01\/Amy-Sullivan.jpg?fit=980%2C1229\" data-orig-size=\"980,1229\" data-comments-opened=\"1\" data-image-meta=\"{&quot;aperture&quot;:&quot;0&quot;,&quot;credit&quot;:&quot;&quot;,&quot;camera&quot;:&quot;&quot;,&quot;caption&quot;:&quot;&quot;,&quot;created_timestamp&quot;:&quot;0&quot;,&quot;copyright&quot;:&quot;&quot;,&quot;focal_length&quot;:&quot;0&quot;,&quot;iso&quot;:&quot;0&quot;,&quot;shutter_speed&quot;:&quot;0&quot;,&quot;title&quot;:&quot;&quot;}\" data-image-title=\"Amy Sullivan\" data-image-description=\"\" data-image-caption=\"\" data-medium-file=\"https:\/\/i0.wp.com\/www.robertosedda.it\/wp-content\/uploads\/2014\/01\/Amy-Sullivan.jpg?fit=239%2C300\" data-large-file=\"https:\/\/i0.wp.com\/www.robertosedda.it\/wp-content\/uploads\/2014\/01\/Amy-Sullivan.jpg?fit=510%2C640\" decoding=\"async\" loading=\"lazy\" class=\"alignleft size-medium wp-image-6007\" alt=\"Amy Sullivan\" src=\"https:\/\/i0.wp.com\/www.robertosedda.it\/wp-content\/uploads\/2014\/01\/Amy-Sullivan.jpg?resize=239%2C300\" width=\"239\" height=\"300\" srcset=\"https:\/\/i0.wp.com\/www.robertosedda.it\/wp-content\/uploads\/2014\/01\/Amy-Sullivan.jpg?resize=239%2C300 239w, https:\/\/i0.wp.com\/www.robertosedda.it\/wp-content\/uploads\/2014\/01\/Amy-Sullivan.jpg?resize=119%2C150 119w, https:\/\/i0.wp.com\/www.robertosedda.it\/wp-content\/uploads\/2014\/01\/Amy-Sullivan.jpg?resize=816%2C1024 816w, https:\/\/i0.wp.com\/www.robertosedda.it\/wp-content\/uploads\/2014\/01\/Amy-Sullivan.jpg?resize=700%2C877 700w, https:\/\/i0.wp.com\/www.robertosedda.it\/wp-content\/uploads\/2014\/01\/Amy-Sullivan.jpg?w=980 980w\" sizes=\"(max-width: 239px) 100vw, 239px\" data-recalc-dims=\"1\" \/><\/a>Amy \u00e8 un fascio di nevrosi, una mentitrice patologica e una manipolatrice senza scrupoli. Ma chi volesse cercare una spiegazione di tutto questo nelle esperienze della sua infanzia o in qualche esperienza specifica correrebbe il rischio di vagare a vuoto.<\/p>\n<p>Qual \u00e8 il passato di Amy? Nessuno, ed \u00e8 questo il suo problema.<br \/>\nAlle spalle ha una famiglia benestante, soddisfatta, molto americana: madre, padre, due sorelle. Amy studiava e d\u2019estate arrotondava vendendo profumi e promuovendo eventi. E allora com&#8217;\u00e8 che all&#8217;universit\u00e0 di \u00e8 progressivamente trasformata da studentessa modello, <em>cheerleader<\/em> e reginetta del ballo a un cumulo di nevrosi? Non si sa: semplicemente \u00e8 accaduto: le ha sempre avute, le nevrosi, ma finch\u00e8 stava con i suoi le mascherava. Man mano che \u00e8 vissuto in un suo appartamentino da sola \u00e8 andata sempre pi\u00f9 sotto controllo, come una scheggia impazzita: e parecchi cavalieri serventi si sono scoperti non i principi azzurri che credevano ma dei semplici zerbini.<\/p>\n<p><strong>La scheda di gioco di Amy sar\u00e0 pubblicata prossimamente<br \/>\n<\/strong><\/p>\n<h3>Cosa gli \u00e8 successo sinora<\/h3>\n<p>Amy ha messo in moto la campagna suggerendo a Elijah di sottrarre l&#8217;archivio al suo fidanzato e costituire una societ\u00e0 per la ricerca del prezioso carico di un galeone scomparso. Nel mentre Amy tentava di sedurre Ludomirs per fargli eliminare il fidanzato. Quando Elijah si \u00e8 accorto delle macchinazioni di Amy ha tagliato i ponti con lei, partendo da solo alla ricerca del tesoro. Non ci sono notizie dei movimenti di Amy, ma siamo sicuri che prima o poi ricomparir\u00e0, nel momento peggiore e quando potr\u00e0 fare pi\u00f9 danni.<\/p>\n<h3><em>Credits<\/em><\/h3>\n<p><em>Special thanks <\/em> a Francesca Conforti. L&#8217;attrice che interpreta Amy \u00e8 Claire Coffee.<\/p>\n","protected":false},"excerpt":{"rendered":"<p>Amy \u00e8 un fascio di nevrosi, una mentitrice patologica e una manipolatrice senza scrupoli. Ma chi volesse cercare una spiegazione<\/p>\n","protected":false},"author":1,"featured_media":0,"parent":5981,"menu_order":0,"comment_status":"open","ping_status":"open","template":"","meta":{"_mi_skip_tracking":false,"_monsterinsights_sitenote_active":false,"_monsterinsights_sitenote_note":"","_monsterinsights_sitenote_category":0,"jetpack_post_was_ever_published":false},"jetpack_sharing_enabled":true,"jetpack_shortlink":"https:\/\/wp.me\/P4jV2T-1yS","jetpack_likes_enabled":true,"jetpack-related-posts":[{"id":5971,"url":"http:\/\/www.robertosedda.it\/?page_id=5971","url_meta":{"origin":6006,"position":0},"title":"La cronologia della campagna &#8220;Il tesoro nascosto&#8221;","author":"Rufus","date":"27\/01\/2014","format":false,"excerpt":"16 maggio - Ludomirs conosce Amy, una studentessa bella, ricca e affascinante, che sembra a sua volta affascinata da lui. 18 maggio - Ludomirs e Amy hanno il loro primo appuntamento. 22 maggio - Amy e Ludomirs escono per a seconda volta. Sulla porta di casa Amy si fa baciare.\u2026","rel":"","context":"Articolo simile","block_context":{"text":"Articolo simile","link":""},"img":{"alt_text":"","src":"","width":0,"height":0},"classes":[]},{"id":5990,"url":"http:\/\/www.robertosedda.it\/?page_id=5990","url_meta":{"origin":6006,"position":1},"title":"Le puntate della campagna &#8220;Il tesoro nascosto&#8221;","author":"Rufus","date":"28\/01\/2014","format":false,"excerpt":"12\/12\/2013 - 1\u00aa puntata: Stranezze In cui si presentano Elijah, Emilio ed Amy. 20\/12\/2013, 27\/12\/2013, 30\/12\/2013, 8\/1\/2014, 13\/1\/2014 - 2\u00aa puntata: Eliminazione diretta In cui Ludomirs non arriva a essere un personaggio giocante, i suoi cugini finiscono in prigione, il contratto con Amy \u00e8 sciolto e Neil decide di stare\u2026","rel":"","context":"Articolo simile","block_context":{"text":"Articolo simile","link":""},"img":{"alt_text":"","src":"","width":0,"height":0},"classes":[]},{"id":5981,"url":"http:\/\/www.robertosedda.it\/?page_id=5981","url_meta":{"origin":6006,"position":2},"title":"I personaggi di &#8220;Il tesoro nascosto&#8221;","author":"Rufus","date":"27\/01\/2014","format":false,"excerpt":"L'elenco comprende solo i personaggi per i quali ho creato una pagina specifica, ed \u00e8 destinato a allungarsi (anche perch\u00e9 solo due, insomma, \u00e8 un po' poco...) R Rudz\u012btis, Ludomirs S Sullivan, Amy","rel":"","context":"Articolo simile","block_context":{"text":"Articolo simile","link":""},"img":{"alt_text":"","src":"","width":0,"height":0},"classes":[]},{"id":5979,"url":"http:\/\/www.robertosedda.it\/?page_id=5979","url_meta":{"origin":6006,"position":3},"title":"Ludomirs Rudz\u012btis","author":"Rufus","date":"27\/01\/2014","format":false,"excerpt":"Ludomirs \u00e8 un ragazzone trentacinquenne non molto sveglio che lavora come addetto alla sicurezza in un banco dei pegni e sogna un giorno di possedere un negozio di antiquariato tutto suo in cui poter scoprire inaspettatamente preziosi cimeli, come nei reality che guarda alla TV, America's Lost Treasures, Antiques Roadshow,\u2026","rel":"","context":"Con 1 commento","block_context":{"text":"Con 1 commento","link":"http:\/\/www.robertosedda.it\/?page_id=5979#comments"},"img":{"alt_text":"","src":"https:\/\/i0.wp.com\/www.robertosedda.it\/wp-content\/uploads\/2014\/01\/Ludomirs-Rudzitis-225x300.jpg?resize=350%2C200","width":350,"height":200},"classes":[]},{"id":18632,"url":"http:\/\/www.robertosedda.it\/?page_id=18632","url_meta":{"origin":6006,"position":4},"title":"Le mie playlist","author":"Rufus","date":"08\/05\/2021","format":false,"excerpt":"Come ho raccontato una volta qui sul blog mi sono iscritto a Spotify abbastanza per caso, per raccogliere tutti insieme i cento grandi brani jazz che avevo chiesto mi fossero suggeriti. Poi dal lockdown in poi e con il lavoro da casa la piattaforma \u00e8 diventata piuttosto pi\u00f9 importante e\u2026","rel":"","context":"Articolo simile","block_context":{"text":"Articolo simile","link":""},"img":{"alt_text":"","src":"https:\/\/i0.wp.com\/www.robertosedda.it\/wp-content\/uploads\/2021\/05\/Cantautori.png?resize=350%2C200","width":350,"height":200,"srcset":"https:\/\/i0.wp.com\/www.robertosedda.it\/wp-content\/uploads\/2021\/05\/Cantautori.png?resize=350%2C200 1x, https:\/\/i0.wp.com\/www.robertosedda.it\/wp-content\/uploads\/2021\/05\/Cantautori.png?resize=700%2C400 2x, https:\/\/i0.wp.com\/www.robertosedda.it\/wp-content\/uploads\/2021\/05\/Cantautori.png?resize=1050%2C600 3x"},"classes":[]},{"id":4097,"url":"http:\/\/www.robertosedda.it\/?page_id=4097","url_meta":{"origin":6006,"position":5},"title":"Le vecchie storie del signor Luca","author":"Rufus","date":"24\/07\/2013","format":false,"excerpt":"Cronache di una parrocchia immaginaria Tornando a casa Sabato, dopo avere partecipato al secondo Seminario per animatori e responsabili di gruppi adulti, io e il signor Luca siamo passati in Parrocchia. L\u00e0 abbiamo trovato la signora Gianna e il Parroco, che preparavano la prossima riunione del gruppo della nostra Parrocchia,\u2026","rel":"","context":"Con 1 commento","block_context":{"text":"Con 1 commento","link":"http:\/\/www.robertosedda.it\/?page_id=4097#comments"},"img":{"alt_text":"","src":"","width":0,"height":0},"classes":[]}],"_links":{"self":[{"href":"http:\/\/www.robertosedda.it\/index.php?rest_route=\/wp\/v2\/pages\/6006"}],"collection":[{"href":"http:\/\/www.robertosedda.it\/index.php?rest_route=\/wp\/v2\/pages"}],"about":[{"href":"http:\/\/www.robertosedda.it\/index.php?rest_route=\/wp\/v2\/types\/page"}],"author":[{"embeddable":true,"href":"http:\/\/www.robertosedda.it\/index.php?rest_route=\/wp\/v2\/users\/1"}],"replies":[{"embeddable":true,"href":"http:\/\/www.robertosedda.it\/index.php?rest_route=%2Fwp%2Fv2%2Fcomments&post=6006"}],"version-history":[{"count":3,"href":"http:\/\/www.robertosedda.it\/index.php?rest_route=\/wp\/v2\/pages\/6006\/revisions"}],"predecessor-version":[{"id":6016,"href":"http:\/\/www.robertosedda.it\/index.php?rest_route=\/wp\/v2\/pages\/6006\/revisions\/6016"}],"up":[{"embeddable":true,"href":"http:\/\/www.robertosedda.it\/index.php?rest_route=\/wp\/v2\/pages\/5981"}],"wp:attachment":[{"href":"http:\/\/www.robertosedda.it\/index.php?rest_route=%2Fwp%2Fv2%2Fmedia&parent=6006"}],"curies":[{"name":"wp","href":"https:\/\/api.w.org\/{rel}","templated":true}]}}