{"id":5979,"date":"2014-01-27T21:03:07","date_gmt":"2014-01-27T20:03:07","guid":{"rendered":"http:\/\/www.robertosedda.it\/?page_id=5979"},"modified":"2014-01-29T00:43:35","modified_gmt":"2014-01-28T23:43:35","slug":"ludomirs-rudzitis","status":"publish","type":"page","link":"http:\/\/www.robertosedda.it\/?page_id=5979","title":{"rendered":"Ludomirs Rudz\u012btis"},"content":{"rendered":"<p><a href=\"https:\/\/i0.wp.com\/www.robertosedda.it\/wp-content\/uploads\/2014\/01\/Ludomirs-Rudzitis.jpg\"><img data-attachment-id=\"5999\" data-permalink=\"http:\/\/www.robertosedda.it\/?attachment_id=5999\" data-orig-file=\"https:\/\/i0.wp.com\/www.robertosedda.it\/wp-content\/uploads\/2014\/01\/Ludomirs-Rudzitis.jpg?fit=540%2C720\" data-orig-size=\"540,720\" data-comments-opened=\"1\" data-image-meta=\"{&quot;aperture&quot;:&quot;0&quot;,&quot;credit&quot;:&quot;BOB D&#039;AMICO&quot;,&quot;camera&quot;:&quot;&quot;,&quot;caption&quot;:&quot;WILL SASSO - 66979_113_1592 -- LESS THAN PERFECT - Sara Rue stars as Claudia \\u201cClaude\\u201d Casey, a temp who has worked at the GBN Television Network for two years before she unexpectedly lands a job on the coveted desk of handsome news anchor Will Butler, played by Eric Roberts. In this second season, we\\u2019ll follow Claude as she strives to succeed in both her career and personal life while refusing to compromise her values as a young woman living in a big city. \\u201cLess Than Perfect\\u201d stars Sara Rue as Claude Casey, Zachary Levi as Kipp Steadman, Sherri Shepherd as Ramona Platt, Andrea Parker as Lydia Weston, Will Sasso as Carl, Andy Dick as Owen Kronsky and Eric Roberts as Will Butler. The series airs Tuesdays (9:30-10:00 p.m., ET) on the ABC Television Network. (ABC\\\/BOB D&#039;AMICO)\\nWILL SASSO&quot;,&quot;created_timestamp&quot;:&quot;0&quot;,&quot;copyright&quot;:&quot;&quot;,&quot;focal_length&quot;:&quot;0&quot;,&quot;iso&quot;:&quot;0&quot;,&quot;shutter_speed&quot;:&quot;0&quot;,&quot;title&quot;:&quot;WILL SASSO&quot;}\" data-image-title=\"WILL SASSO\" data-image-description=\"&lt;p&gt;WILL SASSO &#8211; 66979_113_1592 &#8212; LESS THAN PERFECT &#8211; Sara Rue stars as Claudia \u201cClaude\u201d Casey, a temp who has worked at the GBN Television Network for two years before she unexpectedly lands a job on the coveted desk of handsome news anchor Will Butler, played by Eric Roberts. In this second season, we\u2019ll follow Claude as she strives to succeed in both her career and personal life while refusing to compromise her values as a young woman living in a big city. \u201cLess Than Perfect\u201d stars Sara Rue as Claude Casey, Zachary Levi as Kipp Steadman, Sherri Shepherd as Ramona Platt, Andrea Parker as Lydia Weston, Will Sasso as Carl, Andy Dick as Owen Kronsky and Eric Roberts as Will Butler. The series airs Tuesdays (9:30-10:00 p.m., ET) on the ABC Television Network. (ABC\/BOB D&#8217;AMICO)&lt;br \/&gt;\nWILL SASSO&lt;\/p&gt;\n\" data-image-caption=\"\" data-medium-file=\"https:\/\/i0.wp.com\/www.robertosedda.it\/wp-content\/uploads\/2014\/01\/Ludomirs-Rudzitis.jpg?fit=225%2C300\" data-large-file=\"https:\/\/i0.wp.com\/www.robertosedda.it\/wp-content\/uploads\/2014\/01\/Ludomirs-Rudzitis.jpg?fit=510%2C680\" decoding=\"async\" loading=\"lazy\" class=\"alignleft size-medium wp-image-5999\" alt=\"WILL SASSO\" src=\"https:\/\/i0.wp.com\/www.robertosedda.it\/wp-content\/uploads\/2014\/01\/Ludomirs-Rudzitis.jpg?resize=225%2C300\" width=\"225\" height=\"300\" srcset=\"https:\/\/i0.wp.com\/www.robertosedda.it\/wp-content\/uploads\/2014\/01\/Ludomirs-Rudzitis.jpg?resize=225%2C300 225w, https:\/\/i0.wp.com\/www.robertosedda.it\/wp-content\/uploads\/2014\/01\/Ludomirs-Rudzitis.jpg?resize=112%2C150 112w, https:\/\/i0.wp.com\/www.robertosedda.it\/wp-content\/uploads\/2014\/01\/Ludomirs-Rudzitis.jpg?w=540 540w\" sizes=\"(max-width: 225px) 100vw, 225px\" data-recalc-dims=\"1\" \/><\/a>Ludomirs \u00e8 un ragazzone trentacinquenne non molto sveglio che lavora come addetto alla sicurezza in un banco dei pegni e sogna un giorno di possedere un negozio di antiquariato tutto suo in cui poter scoprire inaspettatamente preziosi cimeli, come nei <em>reality<\/em> che guarda alla TV, <a href=\"http:\/\/channel.nationalgeographic.com\/channel\/americas-lost-treasures\/\"><em>America&#8217;s Lost Treasures<\/em><\/a>, <a href=\"http:\/\/www.pbs.org\/wgbh\/roadshow\/\"><em>Antiques Roadshow<\/em><\/a>, <a href=\"http:\/\/www.history.com\/shows\/american-restoration\"><em>American Restoration<\/em><\/a> e soprattutto<a href=\"http:\/\/www.history.com\/shows\/pawn-stars\"><em> Pawn Stars<\/em><\/a>. \u00c8 il tipo che potrebbe parlarvi per ore dell&#8217;oro perduto dei Confederati, ma che avrebbe difficolt\u00e0 a indicare il secolo in cui fu combattuta la Guerra di Secessione (e le sue spiegazioni del <em>perch\u00e9<\/em> fu combattuta potrebbero sorprendervi). Taciturno, introverso e in generale ingenuo vive protetto nel bozzolo della famiglia, un <em>clan<\/em> multiforme di immigrati lituani su cui domina il nonno, Evghenis<em> <\/em><em>Egon<\/em> Rudz\u012btis.<\/p>\n<p><a href=\"http:\/\/www.robertosedda.it\/wp-content\/uploads\/2014\/01\/Scheda-PNG-Ludomirs-Rudzitis.pdf\"><strong>La scheda di gioco di Ludomirs<\/strong><\/a>.<\/p>\n<h3>Cosa gli \u00e8 successo sinora<\/h3>\n<p>Invischiato nelle trame di Amy, la <em>dark lady<\/em> residente della campagna, Ludomirs ha rischiato di finire in prigione come i due cugini, incaricati da nonno Egon di badare a lui e che hanno ecceduto un tantino nel compito. Dopo questo episodio \u00e8 scomparso dalla campagna.<\/p>\n<h3><em>Credits<\/em><\/h3>\n<p><em>Special thanks<\/em> a Mauro Cogoni. L&#8217;attore che interpreta Ludomirs \u00e8 Will Sasso.<\/p>\n","protected":false},"excerpt":{"rendered":"<p>Ludomirs \u00e8 un ragazzone trentacinquenne non molto sveglio che lavora come addetto alla sicurezza in un banco dei pegni e<\/p>\n","protected":false},"author":1,"featured_media":0,"parent":5981,"menu_order":0,"comment_status":"open","ping_status":"open","template":"","meta":{"_mi_skip_tracking":false,"_monsterinsights_sitenote_active":false,"_monsterinsights_sitenote_note":"","_monsterinsights_sitenote_category":0,"jetpack_post_was_ever_published":false},"jetpack_sharing_enabled":true,"jetpack_shortlink":"https:\/\/wp.me\/P4jV2T-1yr","jetpack_likes_enabled":true,"jetpack-related-posts":[{"id":5971,"url":"http:\/\/www.robertosedda.it\/?page_id=5971","url_meta":{"origin":5979,"position":0},"title":"La cronologia della campagna &#8220;Il tesoro nascosto&#8221;","author":"Rufus","date":"27\/01\/2014","format":false,"excerpt":"16 maggio - Ludomirs conosce Amy, una studentessa bella, ricca e affascinante, che sembra a sua volta affascinata da lui. 18 maggio - Ludomirs e Amy hanno il loro primo appuntamento. 22 maggio - Amy e Ludomirs escono per a seconda volta. Sulla porta di casa Amy si fa baciare.\u2026","rel":"","context":"Articolo simile","block_context":{"text":"Articolo simile","link":""},"img":{"alt_text":"","src":"","width":0,"height":0},"classes":[]},{"id":5981,"url":"http:\/\/www.robertosedda.it\/?page_id=5981","url_meta":{"origin":5979,"position":1},"title":"I personaggi di &#8220;Il tesoro nascosto&#8221;","author":"Rufus","date":"27\/01\/2014","format":false,"excerpt":"L'elenco comprende solo i personaggi per i quali ho creato una pagina specifica, ed \u00e8 destinato a allungarsi (anche perch\u00e9 solo due, insomma, \u00e8 un po' poco...) R Rudz\u012btis, Ludomirs S Sullivan, Amy","rel":"","context":"Articolo simile","block_context":{"text":"Articolo simile","link":""},"img":{"alt_text":"","src":"","width":0,"height":0},"classes":[]},{"id":5990,"url":"http:\/\/www.robertosedda.it\/?page_id=5990","url_meta":{"origin":5979,"position":2},"title":"Le puntate della campagna &#8220;Il tesoro nascosto&#8221;","author":"Rufus","date":"28\/01\/2014","format":false,"excerpt":"12\/12\/2013 - 1\u00aa puntata: Stranezze In cui si presentano Elijah, Emilio ed Amy. 20\/12\/2013, 27\/12\/2013, 30\/12\/2013, 8\/1\/2014, 13\/1\/2014 - 2\u00aa puntata: Eliminazione diretta In cui Ludomirs non arriva a essere un personaggio giocante, i suoi cugini finiscono in prigione, il contratto con Amy \u00e8 sciolto e Neil decide di stare\u2026","rel":"","context":"Articolo simile","block_context":{"text":"Articolo simile","link":""},"img":{"alt_text":"","src":"","width":0,"height":0},"classes":[]},{"id":6006,"url":"http:\/\/www.robertosedda.it\/?page_id=6006","url_meta":{"origin":5979,"position":3},"title":"Amy Sullivan","author":"Rufus","date":"29\/01\/2014","format":false,"excerpt":"Amy \u00e8 un fascio di nevrosi, una mentitrice patologica e una manipolatrice senza scrupoli. Ma chi volesse cercare una spiegazione di tutto questo nelle esperienze della sua infanzia o in qualche esperienza specifica correrebbe il rischio di vagare a vuoto. Qual \u00e8 il passato di Amy? Nessuno, ed \u00e8 questo\u2026","rel":"","context":"Con 1 commento","block_context":{"text":"Con 1 commento","link":"http:\/\/www.robertosedda.it\/?page_id=6006#comments"},"img":{"alt_text":"","src":"https:\/\/i0.wp.com\/www.robertosedda.it\/wp-content\/uploads\/2014\/01\/Amy-Sullivan-239x300.jpg?resize=350%2C200","width":350,"height":200},"classes":[]}],"_links":{"self":[{"href":"http:\/\/www.robertosedda.it\/index.php?rest_route=\/wp\/v2\/pages\/5979"}],"collection":[{"href":"http:\/\/www.robertosedda.it\/index.php?rest_route=\/wp\/v2\/pages"}],"about":[{"href":"http:\/\/www.robertosedda.it\/index.php?rest_route=\/wp\/v2\/types\/page"}],"author":[{"embeddable":true,"href":"http:\/\/www.robertosedda.it\/index.php?rest_route=\/wp\/v2\/users\/1"}],"replies":[{"embeddable":true,"href":"http:\/\/www.robertosedda.it\/index.php?rest_route=%2Fwp%2Fv2%2Fcomments&post=5979"}],"version-history":[{"count":11,"href":"http:\/\/www.robertosedda.it\/index.php?rest_route=\/wp\/v2\/pages\/5979\/revisions"}],"predecessor-version":[{"id":6014,"href":"http:\/\/www.robertosedda.it\/index.php?rest_route=\/wp\/v2\/pages\/5979\/revisions\/6014"}],"up":[{"embeddable":true,"href":"http:\/\/www.robertosedda.it\/index.php?rest_route=\/wp\/v2\/pages\/5981"}],"wp:attachment":[{"href":"http:\/\/www.robertosedda.it\/index.php?rest_route=%2Fwp%2Fv2%2Fmedia&parent=5979"}],"curies":[{"name":"wp","href":"https:\/\/api.w.org\/{rel}","templated":true}]}}