{"id":5061,"date":"2013-11-20T00:39:11","date_gmt":"2013-11-19T23:39:11","guid":{"rendered":"http:\/\/www.robertosedda.it\/?page_id=5061"},"modified":"2013-11-20T00:39:11","modified_gmt":"2013-11-19T23:39:11","slug":"sa-politica-est-morta-bivat-sa-politica","status":"publish","type":"page","link":"http:\/\/www.robertosedda.it\/?page_id=5061","title":{"rendered":"Sa pol\u00ectica est morta, bivat sa pol\u00ectica!"},"content":{"rendered":"<h2>Sa pol\u00ectica est morta, bivat sa pol\u00ectica!<\/h2>\n<h3>de Erricu Lobina<\/h3>\n<p>A sa majoria de is cunsilleris arregionalis sardus, de sa leisladura 2004-2009, funt circhendiddus po peculau, est a nai ca iant a essi sp\u00e8ndiu po cosa insoru dinai chi depiat abarrai po su traballu pol\u00ecticu sceti. Ant a podi nasci circas de giust\u00ectzia noas, e difatis d\u00f2nnia dii ndi bessit una noa diaderus.<br \/>\nSa pr\u00f2piu cosa acadessit in giai totus is arregionis de It\u00e0lia, in calencunu logu ant cumentzau innantis, in calincun\u2019atra arregioni a pustis de Sard\u00ecnnia.<\/p>\n<p>No scieus calis ant essi is cunsigh\u00e8ntzias po su mundu pol\u00ecticu ma, cumenti fiat st\u00e8tiu po Tangent\u00f2poli, ndi iat a podi bessiri dannu meda (po issus).<\/p>\n<p>De custus fatus nascint arrespustas diferentis, segundu chi castiaus su p\u00f2pulu o is meris de sa pol\u00ectica.<\/p>\n<p>Po su p\u00f2pulu, ca est sunfrendi po sa crisi, is chi faint pol\u00ectica funt totus ogualis, ca totus iant a essi furendi e sa genti no c\u00e0stiat su traballu diferenti chi is pol\u00ecticus faint. Est una cosa chi fait a cumprendi, ca sa genti at sunfriu po annus e annus is promissas de sa pol\u00ectica e oi est bivendi mali e mali ant a sighiri a bivi issus e is fillus insoru. Ita iant a depi nai?<\/p>\n<p>In su p\u00f2pulu bincit unu pensamentu chi in italianu ddi nant qualunquismo, chi de inguni podit nasci sa gana de lassai cumandai unu sceti, calischisiat. A bortas de custu cumbinu ndi bessint cabus bonus a fai s\u2019interessu de su p\u00f2pulu puru, cumenti est sutz\u00e8diu a bortas in s\u2019Am\u00e8rica de Giossu.<\/p>\n<p>A su contras, is meris de sa pol\u00ectica nant ca est cosa personali de cuddus chi ant furau e ca duncas no ddoi est su tanti de pensai a una chistioni de moralidadi generali. Narendi aici dennegant a Berlinguer puru, chi si ddu aporegant po calincunu manifestu sceti.<\/p>\n<p>Diferentis funt atrus studiaus, sindacalistas, pol\u00ecticus onestus e traballadoris de is istitutzionis chi nant a boxi arta ca una chistioni de moralidadi generali s\u2019agatat e manna puru.<\/p>\n<p>No est chistioni de custus tempus sceti, ni de Sard\u00ecnnia o de It\u00e0lia sceti, ma nascit de candu chini aministr\u00e0t si pens\u00e0t de essi su meri de su logu, segundu sa chi is st\u00f2rigus nant concezione patrimoniale dello Stato.<\/p>\n<p>In Sard\u00ecnnia puru at bintu custu pensamentu de unus cantu s\u00e8gulus, mancai chi in sa Sard\u00ecnnia de su Mesuevu, su pensamentu no fessit custu, ca is urrei, is chi ddis nar\u00e0nt gi\u00f9dixis, tenessint una sienda diferenti de su sartu de su Stadu.<\/p>\n<p>S\u2019ONU, de manera moitza, narat ca sa corrutzioni est unu dannu mannu po is p\u00f2pulus e po is Stadus, fendi finta de no sciri ca sa corrutzioni e totu est una de is calidadis de s\u2019economia. Segundu sa curtura de su logu, segundu cumenti si arrelatant a pari pol\u00ecticus e p\u00f2pulu, segundu cumenti est n\u00e0sciu su Stadu, segundu cumenti est s\u2019economia de unu logu, fait a ndi agatai pagu o meda, ma sempri nci ndi at\u2019essi.<br \/>\nHobsbawm su st\u00f2rigu contat ca Stalin, mancai fessit unu de is \u00f2minis prus de poderi de su mundu, teniat una domu in Mosca e una domixedda in su sartu po nci passai is f\u00e8rias, e b\u00e0stat. Berlinguer su pr\u00f2piu, ca mancai tenessit su partidu comunista prus mannu de totu sa parti capitalista de su Mundu, nimancu at tentu bidea mai, de ddu fai frutuai po profetu personali de issu. Aici sighendi podeus fai milli e milli n\u00f2minis.<\/p>\n<p>Oindii in Sard\u00ecnnia e in It\u00e0lia una chistioni de moralidadi generali s\u2019agatat, e manna puru.<\/p>\n<p>Intamis tocat a si cumportai de manera coerenti, fendi s\u2019interessu de sa genti innantis de s\u2019interessu personali e de su partidu. De sinunca acabat sa pol\u00ectica puru, chi est s\u2019\u00f9niga manera po is p\u00f2burus de amellorai sa vida insoru personali e sotziali.<\/p>\n<p>Sa pol\u00ectica est morta, bivat sa pol\u00ectica!<\/p>\n","protected":false},"excerpt":{"rendered":"<p>Sa pol\u00ectica est morta, bivat sa pol\u00ectica! de Erricu Lobina A sa majoria de is cunsilleris arregionalis sardus, de sa<\/p>\n","protected":false},"author":1,"featured_media":0,"parent":0,"menu_order":0,"comment_status":"open","ping_status":"open","template":"","meta":{"_mi_skip_tracking":false,"_monsterinsights_sitenote_active":false,"_monsterinsights_sitenote_note":"","_monsterinsights_sitenote_category":0,"jetpack_post_was_ever_published":false},"jetpack_sharing_enabled":true,"jetpack_shortlink":"https:\/\/wp.me\/P4jV2T-1jD","jetpack_likes_enabled":true,"jetpack-related-posts":[{"id":4097,"url":"http:\/\/www.robertosedda.it\/?page_id=4097","url_meta":{"origin":5061,"position":0},"title":"Le vecchie storie del signor Luca","author":"Rufus","date":"24\/07\/2013","format":false,"excerpt":"Cronache di una parrocchia immaginaria Tornando a casa Sabato, dopo avere partecipato al secondo Seminario per animatori e responsabili di gruppi adulti, io e il signor Luca siamo passati in Parrocchia. L\u00e0 abbiamo trovato la signora Gianna e il Parroco, che preparavano la prossima riunione del gruppo della nostra Parrocchia,\u2026","rel":"","context":"Con 1 commento","block_context":{"text":"Con 1 commento","link":"http:\/\/www.robertosedda.it\/?page_id=4097#comments"},"img":{"alt_text":"","src":"","width":0,"height":0},"classes":[]},{"id":18632,"url":"http:\/\/www.robertosedda.it\/?page_id=18632","url_meta":{"origin":5061,"position":1},"title":"Le mie playlist","author":"Rufus","date":"08\/05\/2021","format":false,"excerpt":"Come ho raccontato una volta qui sul blog mi sono iscritto a Spotify abbastanza per caso, per raccogliere tutti insieme i cento grandi brani jazz che avevo chiesto mi fossero suggeriti. Poi dal lockdown in poi e con il lavoro da casa la piattaforma \u00e8 diventata piuttosto pi\u00f9 importante e\u2026","rel":"","context":"Articolo simile","block_context":{"text":"Articolo simile","link":""},"img":{"alt_text":"","src":"https:\/\/i0.wp.com\/www.robertosedda.it\/wp-content\/uploads\/2021\/05\/Cantautori.png?resize=350%2C200","width":350,"height":200,"srcset":"https:\/\/i0.wp.com\/www.robertosedda.it\/wp-content\/uploads\/2021\/05\/Cantautori.png?resize=350%2C200 1x, https:\/\/i0.wp.com\/www.robertosedda.it\/wp-content\/uploads\/2021\/05\/Cantautori.png?resize=700%2C400 2x, https:\/\/i0.wp.com\/www.robertosedda.it\/wp-content\/uploads\/2021\/05\/Cantautori.png?resize=1050%2C600 3x"},"classes":[]},{"id":1514,"url":"http:\/\/www.robertosedda.it\/?page_id=1514","url_meta":{"origin":5061,"position":2},"title":"&#8230; e i blog degli amici","author":"Rufus","date":"27\/11\/2012","format":false,"excerpt":"Questa pagina serve a tenere aggiornato l'elenco dei \"blog della settimana\". Che cosa sia \u00e8 spiegato in un vecchio articolo: Quando ho progettato il sito ho deciso che nel blogroll avrei messo solo collegamenti veri, cio\u00e8 blog che seguo realmente, diciamo che controllo almeno una volta alla settimana. Non mi\u2026","rel":"","context":"Con 2 commenti","block_context":{"text":"Con 2 commenti","link":"http:\/\/www.robertosedda.it\/?page_id=1514#comments"},"img":{"alt_text":"","src":"","width":0,"height":0},"classes":[]},{"id":6006,"url":"http:\/\/www.robertosedda.it\/?page_id=6006","url_meta":{"origin":5061,"position":3},"title":"Amy Sullivan","author":"Rufus","date":"29\/01\/2014","format":false,"excerpt":"Amy \u00e8 un fascio di nevrosi, una mentitrice patologica e una manipolatrice senza scrupoli. Ma chi volesse cercare una spiegazione di tutto questo nelle esperienze della sua infanzia o in qualche esperienza specifica correrebbe il rischio di vagare a vuoto. Qual \u00e8 il passato di Amy? Nessuno, ed \u00e8 questo\u2026","rel":"","context":"Con 1 commento","block_context":{"text":"Con 1 commento","link":"http:\/\/www.robertosedda.it\/?page_id=6006#comments"},"img":{"alt_text":"","src":"https:\/\/i0.wp.com\/www.robertosedda.it\/wp-content\/uploads\/2014\/01\/Amy-Sullivan-239x300.jpg?resize=350%2C200","width":350,"height":200},"classes":[]},{"id":7863,"url":"http:\/\/www.robertosedda.it\/?page_id=7863","url_meta":{"origin":5061,"position":4},"title":"Interview with Steven Brust","author":"Rufus","date":"28\/06\/2014","format":false,"excerpt":"One of the good things of Anobii (and, I imagine, Goodreads) is the fact that it puts you in touch with books you have never heard of. It happened to me, some years ago, with The book of Jhereg, a collection of the first three novels of the Dragaeran cycle\u2026","rel":"","context":"Con 1 commento","block_context":{"text":"Con 1 commento","link":"http:\/\/www.robertosedda.it\/?page_id=7863#comments"},"img":{"alt_text":"","src":"https:\/\/i0.wp.com\/www.robertosedda.it\/wp-content\/uploads\/2014\/06\/Brust.jpg?resize=350%2C200","width":350,"height":200},"classes":[]},{"id":5787,"url":"http:\/\/www.robertosedda.it\/?page_id=5787","url_meta":{"origin":5061,"position":5},"title":"L&#8217;intervista a Petter Skafle Henriksen in originale","author":"Rufus","date":"07\/01\/2014","format":false,"excerpt":"First of all: how much resources does shooting a short film requires? I mean, for the viewers it is just a few minutes, but I guess it is pretty demanding and requires a good number of people, doesn\u2019t it? You are right, it can sometimes be hard to explain to\u2026","rel":"","context":"Con 1 commento","block_context":{"text":"Con 1 commento","link":"http:\/\/www.robertosedda.it\/?page_id=5787#comments"},"img":{"alt_text":"Tarjei Westby","src":"https:\/\/i0.wp.com\/www.robertosedda.it\/wp-content\/uploads\/2014\/01\/Tarjei-Westby-1024x576.jpg?resize=350%2C200","width":350,"height":200,"srcset":"https:\/\/i0.wp.com\/www.robertosedda.it\/wp-content\/uploads\/2014\/01\/Tarjei-Westby-1024x576.jpg?resize=350%2C200 1x, https:\/\/i0.wp.com\/www.robertosedda.it\/wp-content\/uploads\/2014\/01\/Tarjei-Westby-1024x576.jpg?resize=700%2C400 2x"},"classes":[]}],"_links":{"self":[{"href":"http:\/\/www.robertosedda.it\/index.php?rest_route=\/wp\/v2\/pages\/5061"}],"collection":[{"href":"http:\/\/www.robertosedda.it\/index.php?rest_route=\/wp\/v2\/pages"}],"about":[{"href":"http:\/\/www.robertosedda.it\/index.php?rest_route=\/wp\/v2\/types\/page"}],"author":[{"embeddable":true,"href":"http:\/\/www.robertosedda.it\/index.php?rest_route=\/wp\/v2\/users\/1"}],"replies":[{"embeddable":true,"href":"http:\/\/www.robertosedda.it\/index.php?rest_route=%2Fwp%2Fv2%2Fcomments&post=5061"}],"version-history":[{"count":1,"href":"http:\/\/www.robertosedda.it\/index.php?rest_route=\/wp\/v2\/pages\/5061\/revisions"}],"predecessor-version":[{"id":5063,"href":"http:\/\/www.robertosedda.it\/index.php?rest_route=\/wp\/v2\/pages\/5061\/revisions\/5063"}],"wp:attachment":[{"href":"http:\/\/www.robertosedda.it\/index.php?rest_route=%2Fwp%2Fv2%2Fmedia&parent=5061"}],"curies":[{"name":"wp","href":"https:\/\/api.w.org\/{rel}","templated":true}]}}

Sa polìtica est morta, bivat sa polìtica!

<h2>Sa polìtica est morta, bivat sa polìtica!</h2>
<h3>de Erricu Lobina</h3>
<p>A sa majoria de is cunsilleris arregionalis sardus, de sa leisladura 2004-2009, funt circhendiddus po peculau, est a nai ca iant a essi spèndiu po cosa insoru dinai chi depiat abarrai po su traballu polìticu sceti. Ant a podi nasci circas de giustìtzia noas, e difatis dònnia dii ndi bessit una noa diaderus.<br />
Sa pròpiu cosa acadessit in giai totus is arregionis de Itàlia, in calencunu logu ant cumentzau innantis, in calincun’atra arregioni a pustis de Sardìnnia.</p>
<p>No scieus calis ant essi is cunsighèntzias po su mundu polìticu ma, cumenti fiat stètiu po Tangentòpoli, ndi iat a podi bessiri dannu meda (po issus).</p>
<p>De custus fatus nascint arrespustas diferentis, segundu chi castiaus su pòpulu o is meris de sa polìtica.</p>
<p>Po su pòpulu, ca est sunfrendi po sa crisi, is chi faint polìtica funt totus ogualis, ca totus iant a essi furendi e sa genti no càstiat su traballu diferenti chi is polìticus faint. Est una cosa chi fait a cumprendi, ca sa genti at sunfriu po annus e annus is promissas de sa polìtica e oi est bivendi mali e mali ant a sighiri a bivi issus e is fillus insoru. Ita iant a depi nai?</p>
<p>In su pòpulu bincit unu pensamentu chi in italianu ddi nant qualunquismo, chi de inguni podit nasci sa gana de lassai cumandai unu sceti, calischisiat. A bortas de custu cumbinu ndi bessint cabus bonus a fai s’interessu de su pòpulu puru, cumenti est sutzèdiu a bortas in s’Amèrica de Giossu.</p>
<p>A su contras, is meris de sa polìtica nant ca est cosa personali de cuddus chi ant furau e ca duncas no ddoi est su tanti de pensai a una chistioni de moralidadi generali. Narendi aici dennegant a Berlinguer puru, chi si ddu aporegant po calincunu manifestu sceti.</p>
<p>Diferentis funt atrus studiaus, sindacalistas, polìticus onestus e traballadoris de is istitutzionis chi nant a boxi arta ca una chistioni de moralidadi generali s’agatat e manna puru.</p>
<p>No est chistioni de custus tempus sceti, ni de Sardìnnia o de Itàlia sceti, ma nascit de candu chini aministràt si pensàt de essi su meri de su logu, segundu sa chi is stòrigus nant concezione patrimoniale dello Stato.</p>
<p>In Sardìnnia puru at bintu custu pensamentu de unus cantu sègulus, mancai chi in sa Sardìnnia de su Mesuevu, su pensamentu no fessit custu, ca is urrei, is chi ddis narànt giùdixis, tenessint una sienda diferenti de su sartu de su Stadu.</p>
<p>S’ONU, de manera moitza, narat ca sa corrutzioni est unu dannu mannu po is pòpulus e po is Stadus, fendi finta de no sciri ca sa corrutzioni e totu est una de is calidadis de s’economia. Segundu sa curtura de su logu, segundu cumenti si arrelatant a pari polìticus e pòpulu, segundu cumenti est nàsciu su Stadu, segundu cumenti est s’economia de unu logu, fait a ndi agatai pagu o meda, ma sempri nci ndi at’essi.<br />
Hobsbawm su stòrigu contat ca Stalin, mancai fessit unu de is òminis prus de poderi de su mundu, teniat una domu in Mosca e una domixedda in su sartu po nci passai is fèrias, e bàstat. Berlinguer su pròpiu, ca mancai tenessit su partidu comunista prus mannu de totu sa parti capitalista de su Mundu, nimancu at tentu bidea mai, de ddu fai frutuai po profetu personali de issu. Aici sighendi podeus fai milli e milli nòminis.</p>
<p>Oindii in Sardìnnia e in Itàlia una chistioni de moralidadi generali s’agatat, e manna puru.</p>
<p>Intamis tocat a si cumportai de manera coerenti, fendi s’interessu de sa genti innantis de s’interessu personali e de su partidu. De sinunca acabat sa polìtica puru, chi est s’ùniga manera po is pòburus de amellorai sa vida insoru personali e sotziali.</p>
<p>Sa polìtica est morta, bivat sa polìtica!</p>

<p>Sa polìtica est morta, bivat sa polìtica! de Erricu Lobina A sa majoria de is cunsilleris arregionalis sardus, de sa</p>

Cronache di una parrocchia immaginaria Tornando a casa Sabato, dopo avere partecipato al secondo Seminario per animatori e responsabili di gruppi adulti, io e il signor Luca siamo passati in Parrocchia. Là abbiamo trovato la signora Gianna e il Parroco, che preparavano la prossima riunione del gruppo della nostra Parrocchia,…

Come ho raccontato una volta qui sul blog mi sono iscritto a Spotify abbastanza per caso, per raccogliere tutti insieme i cento grandi brani jazz che avevo chiesto mi fossero suggeriti. Poi dal lockdown in poi e con il lavoro da casa la piattaforma è diventata piuttosto più importante e…

Questa pagina serve a tenere aggiornato l'elenco dei "blog della settimana". Che cosa sia è spiegato in un vecchio articolo: Quando ho progettato il sito ho deciso che nel blogroll avrei messo solo collegamenti veri, cioè blog che seguo realmente, diciamo che controllo almeno una volta alla settimana. Non mi…

Amy è un fascio di nevrosi, una mentitrice patologica e una manipolatrice senza scrupoli. Ma chi volesse cercare una spiegazione di tutto questo nelle esperienze della sua infanzia o in qualche esperienza specifica correrebbe il rischio di vagare a vuoto. Qual è il passato di Amy? Nessuno, ed è questo…
